
152
What is the remainder when 2232192 is divided by 1748?
1744
What is the remainder when 393407 is divided by 6663?
290
What is the remainder when 601276766 is divided by 2386?
2380
Calculate the remainder when 17134456 is divided by 267.
265
What is the remainder when 21908511 is divided by 4738?
4737
Calculate the remainder when 6425924 is divided by 227.
8
Calculate the remainder when 205195 is divided by 67930.
1405
Calculate the remainder when 221400 is divided by 3118.
22
Calculate the remainder when 9601626 is divided by 369293.
8
What is the remainder when 640712 is divided by 160157?
84
What is the remainder when 1034354 is divided by 5360?
5234
Calculate the remainder when 3393056 is divided by 9.
2
Calculate the remainder when 34910919 is divided by 5003.
4988
What is the remainder when 21813 is divided by 2261?
1464
Calculate the remainder when 9319171 is divided by 69.
31
What is the remainder when 126900 is divided by 1001?
774
Calculate the remainder when 2455149 is divided by 89.
84
What is the remainder when 465892 is divided by 1631?
1057
Calculate the remainder when 740021 is divided by 1018.
953
What is the remainder when 70995685 is divided by 3086768?
21
Calculate the remainder when 14469621 is divided by 2956.
1
Calculate the remainder when 677107747 is divided by 226.
221
Calculate the remainder when 3228186 is divided by 2911.
2798
What is the remainder when 69527 is divided by 13898?
37
Calculate the remainder when 597947 is divided by 863.
751
Calculate the remainder when 82722766 is divided by 1391.
1387
What is the remainder when 274188 is divided by 68480?
268
What is the remainder when 57685543 is divided by 202?
201
Calculate the remainder when 944636 is divided by 360.
356
What is the remainder when 158952787 is divided by 182?
175
What is the remainder when 267688 is divided by 2353?
1799
Calculate the remainder when 123833 is divided by 1717.
209
What is the remainder when 605586 is divided by 664?
18
What is the remainder when 7767 is divided by 3544?
679
Calculate the remainder when 15100428 is divided by 355.
148
Calculate the remainder when 265848 is divided by 6816.
24
What is the remainder when 97622 is divided by 10742?
944
What is the remainder when 558388 is divided by 309?
25
What is the remainder when 200955 is divided by 64745?
6720
Calculate the remainder when 4923138 is divided by 7166.
96
What is the remainder when 47655682 is divided by 24020?
2
What is the remainder when 14127561 is divided by 49?
28
What is the remainder when 1706840 is divided by 289?
6
Calculate the remainder when 12368438 is divided by 899.
895
What is the remainder when 190865 is divided by 632?
1
Calculate the remainder when 781188 is divided by 718.
4
Calculate the remainder when 11073672 is divided by 648.
0
Calculate the remainder when 1063522 is divided by 66.
64
What is the remainder when 1888560 is divided by 53?
11
Calculate the remainder when 16949660 is divided by 16949657.
3
What is the remainder when 2429411 is divided by 607307?
183
Calculate the remainder when 2008899 is divided by 425.
349
Calculate the remainder when 55399497 is divided by 13849870.
17
What is the remainder when 203986 is divided by 22278?
3484
Calculate the remainder when 2292710 is divided by 3045.
2870
Calculate the remainder when 2959837 is divided by 92.
13
Calculate the remainder when 11610918 is divided by 21149.
117
Calculate the remainder when 443941 is divided by 357.
190
What is the remainder when 14631214 is divided by 7427?
24
What is the remainder when 35775 is divided by 6311?
4220
Calculate the remainder when 82551506 is divided by 5628.
2
What is the remainder when 13181557 is divided by 3295389?
1
Calculate the remainder when 9906623 is divided by 473.
111
What is the remainder when 17087631 is divided by 29?
19
What is the remainder when 451262 is divided by 32220?
182
Calculate the remainder when 53668 is divided by 4744.
1484
What is the remainder when 36725692 is divided by 239?
235
Calculate the remainder when 910358 is divided by 27585.
53
What is the remainder when 23049182 is divided by 8318?
4
What is the remainder when 48676090 is divided by 1077?
1075
Calculate the remainder when 101146 is divided by 5939.
183
What is the remainder when 21308446 is divided by 4903?
8
What is the remainder when 407274 is divided by 2968?
658
Calculate the remainder when 23322418 is divided by 3283.
3269
Calculate the remainder when 454364 is divided by 1640.
84
Calculate the remainder when 608635 is divided by 11063.
170
What is the remainder when 17200 is divided by 5474?
778
Calculate the remainder when 5492359 is divided by 1576.
1575
What is the remainder when 1555981 is divided by 6377?
6370
Calculate the remainder when 103382037 is divided by 10.
7
What is the remainder when 470834 is divided by 63?
35
Calculate the remainder when 2877010 is divided by 151.
7
Calculate the remainder when 4156664 is divided by 708.
704
Calculate the remainder when 371281 is divided by 171.
40
Calculate the remainder when 70556 is divided by 8737.
660
Calculate the remainder when 528933 is divided by 499.
492
What is the remainder when 12261044 is divided by 471578?
16
Calculate the remainder when 13559 is divided by 6093.
1373
Calculate the remainder when 60771603 is divided by 631.
624
Calculate the remainder when 317668 is divided by 995.
263
What is the remainder when 5644820 is divided by 58194?
2
What is the remainder when 41471018 is divided by 13823670?
8
What is the remainder when 15443606 is divided by 1930450?
6
What is the remainder when 47414239 is divided by 20723?
15
Calculate the remainder when 169893961 is divided by 719.
13
What is the remainder when 20496 is divided by 148?
72
Calculate the remainder when 90415 is divided by 137.
132
What is the remainder when 80313 is divided by 347?
156
What is the remainder when 201679 is divided by 49103?
5267
Calculate the remainder when 1262888144 is divided by 27.
26
What is the remainder when 2702817 is divided by 540562?
7
Calculate the remainder when 76822 is divided by 75948.
874
Calculate the remainder when 5078163 is divided by 1692621.
300
Calculate the remainder when 199528 is divided by 2294.
2244
What is the remainder when 1257505 is divided by 136?
49
Calculate the remainder when 32319791 is divided by 2693315.
11
What is the remainder when 77582 is divided by 400?
382
What is the remainder when 4742542 is divided by 1236?
10
What is the remainder when 4354197 is divided by 111646?
3
Calculate the remainder when 2148731 is divided by 1074311.
109
Calculate the remainder when 144985 is divided by 27182.
9075
Calculate the remainder when 292618 is divided by 33.
7
What is the remainder when 148686 is divided by 698?
12
Calculate the remainder when 1638023 is divided by 148910.
13
What is the remainder when 87145 is divided by 85317?
1828
Calculate the remainder when 269823 is divided by 334.
285
Calculate the remainder when 1461125 is divided by 2726.
2715
Calculate the remainder when 349239 is divided by 1195.
299
Calculate the remainder when 19541368 is divided by 8639.
8589
What is the remainder when 6178744 is divided by 1544675?
44
Calculate the remainder when 12481265 is divided by 67.
36
Calculate the remainder when 91966032 is divided by 35.
32
What is the remainder when 152405 is divided by 934?
163
Calculate the remainder when 88448 is divided by 471.
371
Calculate the remainder when 192226 is divided by 1747.
56
What is the remainder when 431108 is divided by 143584?
356
What is the remainder when 2206695 is divided by 1102725?
1245
Calculate the remainder when 341455 is divided by 28322.
1591
Calculate the remainder when 7407826 is divided by 823091.
7
Calculate the remainder when 7316397 is divided by 121.
11
Calculate the remainder when 455386 is divided by 35028.
22
What is the remainder when 3230815 is divided by 163?
155
Calculate the remainder when 551787 is divided by 706.
401
Calculate the remainder when 55640 is divided by 4745.
3445
Calculate the remainder when 33075490 is divided by 8268869.
14
What is the remainder when 947152 is divided by 947096?
56
What is the remainder when 36023729 is divided by 198?
5
Calculate the remainder when 95846